n base 3?
-22
Convert -35 (base 16) to base 4.
-311
3 (base 8) to base 2
11
2 (base 6) to base 7
2
What is 34 (base 6) in base 10?
22
What is 0 (base 16) in base 7?
0
Convert -18e (base 15) to base 9.
-438
32 (base 13) to base 15
2b
-3 (base 16) to base 11
-3
What is 0 (base 2) in base 4?
0
Convert 5 (base 14) to base 2.
101
What is 1c (base 15) in base 9?
30
Convert 10020 (base 3) to base 8.
127
What is -18 (base 13) in base 4?
-111
Convert -2 (base 9) to base 6.
-2
What is -21 (base 4) in base 9?
-10
0 (base 7) to base 13
0
7 (base 12) to base 7
10
What is -10111000 (base 2) in base 11?
-158
Convert -9 (base 16) to base 13.
-9
What is 110101 (base 2) in base 7?
104
38 (base 9) to base 4
203
What is -100111 (base 2) in base 12?
-33
-29 (base 10) to base 9
-32
Convert 0 (base 4) to base 11.
0
Convert -8 (base 11) to base 6.
-12
What is -2 (base 15) in base 10?
-2
What is -45 (base 7) in base 13?
-27
1 (base 11) to base 5
1
Convert -1 (base 10) to base 14.
-1
Convert -41 (base 11) to base 6.
-113
Convert -112 (base 6) to base 5.
-134
95 (base 15) to base 13
aa
-14c (base 16) to base 7
-653
What is 12 (base 12) in base 7?
20
What is 34 (base 12) in base 4?
220
Convert -3 (base 14) to base 4.
-3
Convert -2 (base 7) to base 6.
-2
Convert -6 (base 13) to base 15.
-6
Convert -3 (base 16) to base 3.
-10
-4 (base 11) to base 16
-4
136 (base 11) to base 8
240
-8e (base 16) to base 5
-1032
15 (base 7) to base 2
1100
14 (base 6) to base 3
101
What is -4 (base 13) in base 14?
-4
What is -14 (base 9) in base 8?
-15
Convert 354 (base 6) to base 15.
97
Convert 32 (base 13) to base 5.
131
Convert 1 (base 3) to base 14.
1
Convert -11 (base 8) to base 6.
-13
Convert -11 (base 5) to base 9.
-6
What is 2200 (base 3) in base 11?
66
-30 (base 10) to base 5
-110
Convert -2 (base 5) to base 3.
-2
1035 (base 6) to base 5
1424
What is -14 (base 10) in base 9?
-15
Convert 173 (base 13) to base 10.
263
What is -9 (base 16) in base 6?
-13
What is -36 (base 9) in base 8?
-41
Convert 3 (base 15) to base 7.
3
Convert 240 (base 10) to base 9.
286
Convert 77 (base 12) to base 8.
133
Convert 9 (base 15) to base 6.
13
-2 (base 15) to base 5
-2
32 (base 13) to base 6
105
Convert 325 (base 8) to base 4.
3111
What is -5 (base 13) in base 10?
-5
Convert -3 (base 8) to base 9.
-3
Convert -2 (base 8) to base 13.
-2
Convert -15 (base 8) to base 11.
-12
Convert 0 (base 3) to base 11.
0
What is -65 (base 14) in base 11?
-81
What is -1110 (base 2) in base 11?
-13
Convert -2112 (base 3) to base 4.
-1010
What is 57 (base 16) in base 10?
87
What is 1322 (base 5) in base 11?
183
5 (base 11) to base 13
5
10 (base 4) to base 9
4
Convert -2211 (base 3) to base 4.
-1030
Convert -3b (base 13) to base 16.
-32
1c (base 15) to base 8
33
What is 222 (base 5) in base 4?
332
-ce (base 15) to base 5
-1234
What is b4 (base 12) in base 2?
10001000
What is -3d (base 15) in base 16?
-3a
1200 (base 4) to base 14
6c
Convert -11 (base 4) to base 8.
-5
Convert -85 (base 12) to base 13.
-7a
Convert -14 (base 8) to base 6.
-20
-30 (base 7) to base 6
-33
What is -1 (base 10) in base 11?
-1
What is -5 (base 9) in base 2?
-101
Convert 9 (base 16) to base 4.
21
Convert -20 (base 16) to base 9.
-35
-27 (base 12) to base 16
-1f
What is 10 (base 12) in base 9?
13
What is 3 (base 6) in base 7?
3
Convert -3 (base 10) to base 5.
-3
Convert -13 (base 5) to base 14.
-8
Convert -1 (base 6) to base 16.
-1
What is 20 (base 12) in base 10?
24
-110 (base 3) to base 10
-12
Convert -c7 (base 15) to base 3.
-20221
10 (base 7) to base 10
7
-1101 (base 2) to base 13
-10
Convert 111000 (base 2) to base 9.
62
Convert 100 (base 2) to base 7.
4
What is -21 (base 3) in base 11?
-7
-1101111 (base 2) to base 14
-7d
What is -1 (base 11) in base 6?
-1
Convert -11010001 (base 2) to base 12.
-155
Convert -302 (base 4) to base 14.
-38
What is 7 (base 11) in base 5?
12
1 (base 16) to base 7
1
-4 (base 7) to base 8
-4
What is -42 (base 5) in base 12?
-1a
What is -32 (base 4) in base 13?
-11
Convert 3 (base 15) to base 10.
3
-1 (base 15) to base 6
-1
What is -101 (base 2) in base 3?
-12
-27 (base 8) to base 11
-21
What is -30 (base 4) in base 5?
-22
What is -a7 (base 14) in base 4?
-2103
Convert 53 (base 7) to base 16.
26
Convert -1022 (base 4) to base 10.
-74
What is 202 (base 3) in base 16?
14
-1 (base 13) to base 6
-1
What is -8 (base 16) in base 8?
-10
-1 (base 7) to base 10
-1
What is 2 (base 13) in base 7?
2
Convert 3 (base 14) to base 2.
11
Convert -3 (base 14) to base 4.
-3
What is c (base 13) in base 3?
110
What is 2 (base 6) in base 14?
2
5 (base 12) to base 8
5
10 (base 2) to base 3
2
Convert 1222 (base 4) to base 5.
411
-100011100 (base 2) to base 13
-18b
What is -88 (base 14) in base 5?
-440
Convert -20 (base 6) to base 12.
-10
Convert 2142 (base 5) to base 6.
1213
Convert -244 (base 6) to base 9.
-121
What is -110 (base 2) in base 15?
-6
1 (base 8) to base 12
1
Convert 4 (base 10) to base 12.
4
Convert -121 (base 4) to base 16.
-19
What is -7 (base 14) in base 12?
-7
Convert 51 (base 13) to base 7.
123
-10 (base 3) to base 7
-3
-1 (base 8) to base 6
-1
What is 232 (base 7) in base 15?
81
14 (base 13) to base 14
13
Convert 64 (base 8) to base 13.
40
What is -1 (base 12) in base 15?
-1
-1101 (base 2) to base 7
-16
Convert -101 (base 3) to base 6.
-14
What is 10 (base 14) in base 4?
32
9 (base 13) to base 9
10
14 (base 15) to base 10
19
10101100 (base 2) to base 11
147
What is -1010 (base 2) in base 12?
-a
Convert 1040 (base 6) to base 11.
1a9
What is -2 (base 13) in base 3?
-2
Convert -11 (base 11) to base 16.
-c
224 (base 10) to base 6
1012
-5 (base 7) to base 2
-101
Convert -2 (base 10) to base 15.
-2
What is 13 (base 13) in base 14?
12
-112 (base 5) to base 3
-1012
Convert 3 (base 8) to base 10.
3
What is 3 (base 10) in base 6?
3
Convert -11 (base 12) to base 4.
-31
102 (base 4) to base 11
17
What is -130 (base 4) in base 8?
-34
Convert 1 (base 12) to base 11.
1
Convert 101 (base 2) to base 7.
5
Convert 471 (base 9) to base 13.
23b
What is -111 (base 2) in base 3?
-21
What is -2021 (base 4) in base 16?
-89
-13b (base 12) to base 14
-d9
What is 4 (base 12) in base 4?
10
What is -21 (base 10) in base 3?
-210
1322 (base 4) to base 5
442
Convert -1 (base 9) to base 7.
-1
Convert 1010 (base 3) to base 9.
33
Convert -266 (base 10) to base 6.
-1122
What is 5 (base 14) in base 3?
12
-1 (base 12) to base 5
-1
What is 3 (base 13) in base 11?
3
What is 9 (base 12) in base 14?
9
3222 (base 4) to base 10
234
What is -23 (base 11) in base 13?
-1c
What is -1 (base 5) in base 2?
-1
What is -14 (base 6) in base 13?
-a
Convert -1 (base 13) to base 15.
-1
What is -1000 (base 2) in base 10?
-8
Convert -121 (base 3) to base 12.
-14
What is 2 (base 4) in base 11?
2
-10 (base 3) to base 15
-3
Convert -2 (base 7) to base 16.
-2
-25 (base 7) to base 9
-21
-292 (base 10) to base 6
-1204
Convert 4 (base 9) to base 8.
4
What is 1 (base 2) in base 8?
1
What is 10000101 (base 2) in base 4?
2011
4 (base 13) to base 12
4
What is 214 (base 5) in base 11?
54
Convert 4 (base 11) to base 10.
4
What is -183 (base 10) in base 2?
-10110111
Convert -8 (base 10) to base 6.
-12
What is 129 (base 10) in base 4?
2001
Convert -202 (base 8) to base 2.
-10000010
Convert -2 (base 13) to base 4.
-2
Convert 66 (base 9) to base 13.
48
What is -7 (base 9) in base 15?
-7
-154 (base 11) to base 6
-500
3 (base 7) to base 11
3
Convert 7 (base 16) to base 4.
13
Convert -10010 (base 3) to base 6.
-220
What is 4 (base 14) in base 2?
100
What is 11 (base 15) in base 9?
17
5 (base 12) to base 8
5
What is 71 (base 8) in base 16?
39
Convert -92 (base 11) to base 4.
-1211
Convert -5 (base 6) to base 11.
-5
Convert -16 (base 8) to base 7.
-20
What is 5 (base 11) in base 7?
5
What is 10010 (base 2) in base 10?
18
Convert -3 (base 12) to base 3.
-10
Convert 11 (base 11) to base 10.
12
What is 100 (base 2) in base 15?
4
10 (base 5) to base 9
5
-121 (base 3) to base 8
-20
Convert -1d (base 14) to base 8.
-33
2 (base 9) to base 3
2
What is -11 (base 3) in base 12?
-4
-16 (base 9) to base 2
-1111
10 (base 12) to base 9
13
What is 33 (base 9) in base 6?
50
Convert -3 (base 8) to base 16.
-3
What is 1 (base 13) in base 9?
1
Convert -8 (base 14) to base 7.
-11
13 (base 4) to base 12
7
Convert -31 (base 